
What are the prime factors of 12792436?
2, 3198109
List the prime factors of 22016630.
2, 5, 19, 115877
List the prime factors of 657305428.
2, 13, 12640489
List the prime factors of 181701960.
2, 3, 5, 11, 137653
What are the prime factors of 18013319?
17, 919, 1153
What are the prime factors of 167499667?
11719, 14293
List the prime factors of 437079911.
17, 271, 94873
List the prime factors of 303418119.
3, 101139373
List the prime factors of 244844820.
2, 3, 5, 11, 31, 3989
List the prime factors of 927496278.
2, 3, 17175857
List the prime factors of 607058042.
2, 1747, 173743
What are the prime factors of 1070006809?
17, 62941577
List the prime factors of 52966314.
2, 3, 37, 67, 1187
List the prime factors of 47850561.
3, 11, 367, 439
List the prime factors of 2528915061.
3, 23741, 35507
List the prime factors of 980715693.
3, 326905231
List the prime factors of 31952495.
5, 6390499
List the prime factors of 1147646341.
19, 23, 823, 3191
List the prime factors of 406990429.
9067, 44887
What are the prime factors of 272925990?
2, 3, 5, 17, 97, 613
What are the prime factors of 64673660?
2, 5, 3233683
What are the prime factors of 15803326?
2, 7, 11, 19, 491
List the prime factors of 49480102.
2, 7, 101, 4999
What are the prime factors of 26018152?
2, 23, 141403
List the prime factors of 174572129.
31, 617, 9127
List the prime factors of 3300073498.
2, 1650036749
What are the prime factors of 697093522?
2, 23, 2897, 5231
What are the prime factors of 1695615761?
7, 29, 37, 225751
List the prime factors of 83299561.
83299561
What are the prime factors of 6615985289?
43, 153860123
What are the prime factors of 127765901?
127765901
What are the prime factors of 3215699779?
359, 8957381
What are the prime factors of 46839711?
3, 2273, 6869
What are the prime factors of 8918982?
2, 3, 17, 29147
What are the prime factors of 42548446?
2, 37, 347, 1657
List the prime factors of 589496989.
589496989
List the prime factors of 47741363.
97, 677, 727
What are the prime factors of 518884092?
2, 3, 14413447
List the prime factors of 110274502.
2, 13, 31, 41, 47, 71
What are the prime factors of 243436895?
5, 13, 103, 2797
List the prime factors of 14787430.
2, 5, 7, 151, 1399
What are the prime factors of 653118206?
2, 13, 17, 1477643
List the prime factors of 67585503.
3, 59, 271, 1409
List the prime factors of 512849042.
2, 389, 659189
List the prime factors of 3247037947.
167, 19443341
List the prime factors of 474487367.
67, 127, 55763
What are the prime factors of 338040424?
2, 42255053
List the prime factors of 154621140.
2, 3, 5, 53, 48623
What are the prime factors of 4864994386?
2, 7, 5381, 64579
What are the prime factors of 291665732?
2, 19, 31, 43, 2879
What are the prime factors of 110692708?
2, 7, 19, 47, 233
List the prime factors of 13737111.
3, 101, 45337
List the prime factors of 5587661723.
7, 12109, 65921
What are the prime factors of 31350760?
2, 5, 7, 19, 71, 83
List the prime factors of 2457225623.
761, 3228943
List the prime factors of 42172975.
5, 13, 129763
What are the prime factors of 805707007?
7, 53, 2171717
List the prime factors of 55569649.
55569649
List the prime factors of 209916665.
5, 7, 283, 21193
What are the prime factors of 3845096?
2, 523, 919
What are the prime factors of 26684798?
2, 7, 17, 112121
What are the prime factors of 165725874?
2, 3, 9206993
List the prime factors of 317871272.
2, 31, 1281739
What are the prime factors of 248211895?
5, 677, 73327
What are the prime factors of 1042868418?
2, 3, 157, 227, 4877
List the prime factors of 668336169.
3, 83, 2684081
What are the prime factors of 829629976?
2, 7, 2116403
List the prime factors of 47081789.
17, 113, 24509
List the prime factors of 4443246100.
2, 5, 61, 11941
List the prime factors of 7014750779.
59, 118894081
What are the prime factors of 72361567?
71, 1019177
What are the prime factors of 6782598955?
5, 11, 167, 738443
List the prime factors of 87895777.
89, 987593
What are the prime factors of 87014526?
2, 3, 1259, 11519
List the prime factors of 1350916050.
2, 3, 5, 11, 17, 2833
What are the prime factors of 204598215?
3, 5, 71, 64037
What are the prime factors of 619451476?
2, 7, 103, 214789
What are the prime factors of 1799507482?
2, 1777, 506333
List the prime factors of 72574528.
2, 13, 19, 4591
List the prime factors of 18989635.
5, 7, 29, 53, 353
List the prime factors of 2274417076.
2, 568604269
What are the prime factors of 1539577044?
2, 3, 1583927
What are the prime factors of 2893486323?
3, 7, 13, 83, 277, 461
What are the prime factors of 4494601?
101, 44501
List the prime factors of 20043904.
2, 156593
List the prime factors of 250335184.
2, 11, 19, 74861
What are the prime factors of 759490589?
11, 13, 17, 151, 2069
List the prime factors of 5374982959.
5374982959
List the prime factors of 1006566540.
2, 3, 5, 7, 2396587
List the prime factors of 328305809.
13, 25254293
What are the prime factors of 5592614?
2, 137, 20411
List the prime factors of 24511488.
2, 3, 79, 101
What are the prime factors of 21812410?
2, 5, 41, 53201
What are the prime factors of 83302274?
2, 11, 23, 193, 853
What are the prime factors of 97613587?
23, 4244069
List the prime factors of 282088064.
2, 131, 16823
List the prime factors of 87063858.
2, 3, 7, 29, 23827
What are the prime factors of 83935797?
3, 11, 2543509
What are the prime factors of 121029347?
6719, 18013
What are the prime factors of 120698213?
971, 124303
What are the prime factors of 90615819?
3, 7, 4315039
List the prime factors of 74587992.
2, 3, 3107833
List the prime factors of 108240082.
2, 41, 191, 6911
List the prime factors of 90142042.
2, 19, 1009, 2351
List the prime factors of 1630835223.
3, 543611741
List the prime factors of 1976845297.
7, 127, 2223673
List the prime factors of 2253103.
23, 97961
List the prime factors of 2456881996.
2, 20143, 30493
List the prime factors of 5837176780.
2, 5, 17, 17168167
List the prime factors of 616453840.
2, 5, 479, 16087
What are the prime factors of 3082354203?
3, 4133, 248597
What are the prime factors of 21927469?
21927469
What are the prime factors of 246792478?
2, 123396239
List the prime factors of 4507344909.
3, 500816101
List the prime factors of 1920691635.
3, 5, 313, 577, 709
List the prime factors of 2149284333.
3, 7, 2999, 34127
List the prime factors of 328092817.
13, 19, 1328311
List the prime factors of 28652827.
7, 1489, 2749
List the prime factors of 378115006.
2, 189057503
What are the prime factors of 861289086?
2, 3, 7, 2969, 6907
List the prime factors of 40566341.
40566341
What are the prime factors of 117129692?
2, 29282423
List the prime factors of 19714442.
2, 11, 896111
What are the prime factors of 1604473537?
23, 69759719
List the prime factors of 47242379.
19, 47, 52903
List the prime factors of 2406494.
2, 47, 25601
What are the prime factors of 20861386?
2, 7, 13, 83, 1381
What are the prime factors of 251890085?
5, 29, 97, 17909
What are the prime factors of 2599618906?
2, 1299809453
What are the prime factors of 295495578?
2, 3, 7, 335029
What are the prime factors of 636830619?
3, 19, 149, 167, 449
What are the prime factors of 143908782?
2, 3, 23984797
What are the prime factors of 752439246?
2, 3, 13, 2459, 3923
List the prime factors of 155207217.
3, 11, 29, 157, 1033
What are the prime factors of 224266595?
5, 7, 19, 293, 1151
What are the prime factors of 1039633483?
7, 148519069
What are the prime factors of 118788640?
2, 5, 29, 25601
List the prime factors of 604703010.
2, 3, 5, 107, 257, 733
What are the prime factors of 115242325?
5, 11, 619, 677
What are the prime factors of 2538294193?
617, 4113929
What are the prime factors of 2379478318?
2, 7, 1039, 23369
What are the prime factors of 1529856731?
13, 117681287
What are the prime factors of 22574664?
2, 3, 7, 47, 953
List the prime factors of 2894592090.
2, 3, 5, 13, 23, 467, 691
List the prime factors of 4644810.
2, 3, 5, 17203
List the prime factors of 122691835.
5, 7, 19, 26357
What are the prime factors of 3128413519?
7, 11, 997, 40751
What are the prime factors of 55282161?
3, 11, 1675217
List the prime factors of 3077560122.
2, 3, 7, 13, 41, 137477
What are the prime factors of 109456201?
1259, 86939
List the prime factors o